{"id":22,"date":"2026-03-10T11:18:28","date_gmt":"2026-03-10T11:18:28","guid":{"rendered":"https:\/\/jeffsbryggeri.glimnet.nu\/?post_type=product&#038;p=22"},"modified":"2026-03-16T09:55:42","modified_gmt":"2026-03-16T09:55:42","slug":"mattias-lager","status":"publish","type":"product","link":"https:\/\/jeffsbryggeri.glimnet.nu\/index.php\/produkt\/mattias-lager\/","title":{"rendered":"Bootstads Brewing Helles"},"content":{"rendered":"<div>Beskrivning:<\/div>\n<div>\n<div>\n<div>\n<div>\n<div>\n<p>En klassisk gyllene lager bryggd med ljus pilsnermalt och aromhumle fr\u00e5n Europa. Maltens toner av br\u00f6d och honung balanseras av mild \u00f6rtig beska och en krispig avslutning.<\/p>\n<\/div>\n<\/div>\n<\/div>\n<\/div>\n<div>\n<p>SMAKBESKRIVNING<\/p>\n<\/div>\n<div>F\u00e4rg: Ljusguld.<\/div>\n<div>Doft: Br\u00f6d och honung.<br \/>\nSmak: Mjuk maltighet och mild beska.<\/div>\n<div>BESKA: 35%<\/div>\n<div>FYLLIGHET: 45%<br \/>\nS\u00d6TMA: 20%<\/div>\n<div>\n<p>Serveringsf\u00f6rslag:<\/p>\n<p>Serveras vid 6\u20138\u00b0C till fl\u00e4sk, lamm eller buff\u00e8mat.<\/p>\n<\/div>\n<div>FL\u00c4SK<\/div>\n<div>LAMM<\/div>\n<div>BUFF\u00c8MAT<\/div>\n<\/div>\n","protected":false},"excerpt":{"rendered":"<p>BESKRIVNING<\/p>\n<div>\n<div>\n<div>Klassisk gyllene lager med mjuk maltighet och frisk \u00f6rtig humleton.<\/div>\n<\/div>\n<\/div>\n","protected":false},"featured_media":43,"template":"","meta":[],"product_brand":[],"product_cat":[17],"product_tag":[],"class_list":{"0":"post-22","1":"product","2":"type-product","3":"status-publish","4":"has-post-thumbnail","6":"product_cat-lager-pilsner","8":"first","9":"instock","10":"shipping-taxable","11":"purchasable","12":"product-type-simple"},"_links":{"self":[{"href":"https:\/\/jeffsbryggeri.glimnet.nu\/index.php\/wp-json\/wp\/v2\/product\/22","targetHints":{"allow":["GET"]}}],"collection":[{"href":"https:\/\/jeffsbryggeri.glimnet.nu\/index.php\/wp-json\/wp\/v2\/product"}],"about":[{"href":"https:\/\/jeffsbryggeri.glimnet.nu\/index.php\/wp-json\/wp\/v2\/types\/product"}],"wp:featuredmedia":[{"embeddable":true,"href":"https:\/\/jeffsbryggeri.glimnet.nu\/index.php\/wp-json\/wp\/v2\/media\/43"}],"wp:attachment":[{"href":"https:\/\/jeffsbryggeri.glimnet.nu\/index.php\/wp-json\/wp\/v2\/media?parent=22"}],"wp:term":[{"taxonomy":"product_brand","embeddable":true,"href":"https:\/\/jeffsbryggeri.glimnet.nu\/index.php\/wp-json\/wp\/v2\/product_brand?post=22"},{"taxonomy":"product_cat","embeddable":true,"href":"https:\/\/jeffsbryggeri.glimnet.nu\/index.php\/wp-json\/wp\/v2\/product_cat?post=22"},{"taxonomy":"product_tag","embeddable":true,"href":"https:\/\/jeffsbryggeri.glimnet.nu\/index.php\/wp-json\/wp\/v2\/product_tag?post=22"}],"curies":[{"name":"wp","href":"https:\/\/api.w.org\/{rel}","templated":true}]}}